 Let g(m) = -i(m) - k(m). Let b be g(-10). Let s = 31 + b. What are the prime factors of s?
43
Let r = -26 - -29. List the prime factors of 3/9 + 176/r.
59
What are the prime factors of (-9 - -10)*10*941/2?
5, 941
Suppose 0 = -2*p + 94 - 28. Suppose 0 = p*o - 38*o + 290. List the prime factors of o.
2, 29
Suppose 0 = 5*s - 5*i - 535, 531 = 5*s - i - 2*i. Let t be (8/(-3))/((-10)/s). Let p = t + 7. List the prime factors of p.
5, 7
Suppose -2*n = -4*h - 3 + 13, -3*n - 23 = -2*h. Let x(o) = -9*o**2 + 5 - o + o**3 + 0*o**2 - 2*o**3. List the prime factors of x(n).
2, 7
Let u be ((-60)/21)/((-4)/42*3). Suppose -5*d + 2*p = -u*d + 82, 69 = 4*d + 5*p. What are the prime factors of d?
2
Let k(l) = l**2 - l - 27. Let o be k(0). Let u be -30*((-24)/20)/(-3). Let r = u - o. What are the prime factors of r?
3, 5
Let x(s) = -65*s + 24. List the prime factors of x(-11).
739
What are the prime factors of ((-472)/(-6))/(8/12)?
2, 59
What are the prime factors of (30/(-70))/((-6)/11046)?
3, 263
Let r(f) = -f - 12. Let x be r(0). Let y be x/(-10)*(-35)/(-14). Suppose l + 58 = y*l. List the prime factors of l.
29
Let d(i) be the third derivative of -i**6/120 - 2*i**5/15 + i**4/8 + 11*i**3/2 + 31*i**2. What are the prime factors of d(-10)?
7, 29
Let q(z) = z**3 - z**2 - 8*z + 3. Let t(l) = 2*l + 2. Let f be t(2). List the prime factors of q(f).
3, 5
Suppose -6*l = -420 - 90. Suppose 0 = c + 3*i - 54, 4*c - 4*i = 83 + l. What are the prime factors of c?
3, 5
Let h = 6 - 4. Suppose -8*u + h*u = -54. List the prime factors of u.
3
Let c(a) = 8*a**2 + 6*a - 2. Let u(z) = 24*z**2 + 17*z - 5. Suppose 0 = -0*v + 3*v - 9. Let g(b) = v*u(b) - 8*c(b). List the prime factors of g(-2).
3
Let f(g) = 3*g**2 - 26*g + 58. What are the prime factors of f(-17)?
1367
Suppose -56 = -5*y - 4*h + h, -4*h - 12 = 0. What are the prime factors of 47/(y/65 - (-4)/5)?
47
Let m be (36/10)/((-1)/5). Let x = 17 + m. List the prime factors of -5*x*92/20.
23
Let r = 20 - 24. What are the prime factors of (-3668)/(-70) - r/(-10)?
2, 13
Suppose 5*c + 2*f - 2516 = -435, -3*c + f = -1242. List the prime factors of c.
5, 83
Let j be 3/(-3) + -3 + 12. Suppose j*l - 2*l - 96 = 0. What are the prime factors of l?
2
Suppose 2*r + 28678 = 15*r. What are the prime factors of r?
2, 1103
Suppose -2*w + 0*w = -34. Let y be w/(-2)*(4 + 0). Let g = y + 61. What are the prime factors of g?
3
Suppose -10*p = -12*p. Suppose 4*g + 110 = 3*u - 52, -u + g + 54 = p. What are the prime factors of u?
2, 3
Let u be 2/6 + 4/(-12). Suppose -2*n - 198 = -4*q, 3*n + 2*n - 25 = u. Let j = -29 + q. List the prime factors of j.
23
Let k = -1653 - -1983. List the prime factors of k.
2, 3, 5, 11
Let p = 417 + 2791. List the prime factors of p.
2, 401
Suppose -2*z - 3 = f, 5*f - f = -z - 12. Let k(c) = c + 2. Let j be k(z). Suppose -j*b + 47 = -7. What are the prime factors of b?
3
Let n = 2368 + -1166. What are the prime factors of n?
2, 601
Let y be 38/(0 - (-4 + 5)). List the prime factors of ((-4)/(-3))/(y/(-1083)).
2, 19
Let s(i) = 14*i - 5. Let h(v) = 2*v**2 - v - 1. Let x be h(2). What are the prime factors of s(x)?
5, 13
Let s = 1977 - 857. List the prime factors of s.
2, 5, 7
Suppose 0 = -3*n + 1 - 25. Let r = n + 10. List the prime factors of (-64)/r*3/(-6).
2
Let p = 984 - 468. List the prime factors of p.
2, 3, 43
Let p = 71 + -85. What are the prime factors of (p/(-8))/(2/200)?
5, 7
Let l = -27 - -30. Suppose 0 = -4*x + 3*x + l*t + 71, -x - 4*t + 92 = 0. List the prime factors of x.
2, 5
Let y(q) = q**3 - 6*q**2 + 7*q - 7. Let k be y(5). Suppose -98 = -k*v + 133. List the prime factors of v.
7, 11
Let z(f) = -f + 9. Let k be z(9). Suppose 5*m - 9*m = k. Suppose v = -m*j + 2*j + 13, -5*v + 3*j + 100 = 0. What are the prime factors of v?
23
Let l(p) = -4*p + 1. Let k be l(1). Let n be 56/16 + k/(-2). Suppose -10 + 35 = n*t. List the prime factors of t.
5
Suppose r = -2*r + 3*c - 18, 2*r - c + 11 = 0. Let w = -46 - 2. What are the prime factors of (r/(-15))/((-2)/w)?
2
Suppose -5*q = 2*d - 5000, -61*q + 56*q + 7510 = 3*d. What are the prime factors of d?
2, 5, 251
Suppose 3*g = g - 22. Let w = g - -9. List the prime factors of (-1)/((-1)/(-50)*w).
5
Let l(r) = -r**2 - 9*r + 10. Let p be l(-10). Suppose 5*s - 2*y = -0*y + 82, -s + 5*y + 21 = p. Let b = -4 + s. List the prime factors of b.
2, 3
Suppose -8 = -4*y - 0*f - 3*f, y + 7 = -3*f. Suppose y*m = 4*n - 166, 5*n + 4*m - 3*m - 193 = 0. List the prime factors of n.
3, 13
Let r be (-4 + -1)/(3/3). Let q be (-333)/r + (-4)/(-10). Suppose q = 5*k + 2. What are the prime factors of k?
13
Let z(k) = k**2 - 6*k - 4. Let b be z(7). Suppose -5*t + b*t - 22 = 0. Let q = 4 - t. List the prime factors of q.
3, 5
Let u = 58 + -55. Suppose -5*k + 2*g = -521, 0 = k + u*g - g - 97. What are the prime factors of k?
103
Let v = 541 - 305. Suppose 0 = 8*b - v + 4. List the prime factors of b.
29
Suppose 5*p = 4*p - 3*i, 2*p - 6 = -3*i. Suppose 3*x + 4*u = u - 6, x + 2 = -4*u. What are the prime factors of (p + x)*(-18)/(-4)?
2, 3
Let c = -114 + 274. Suppose -4*x - c = -0*x. Let b = -10 - x. List the prime factors of b.
2, 3, 5
Let i(z) = 4*z**2 + 4*z - 1. Let b be -5 - -2*(-12)/(-8). Let q be i(b). Suppose 0 = -q*f + 6*f + 35. List the prime factors of f.
5, 7
Suppose -6*o + 14 = 38. Let y = 24 - o. What are the prime factors of y?
2, 7
Suppose 7*h - 5*h = 596. Let d = 514 - h. What are the prime factors of d?
2, 3
Let u(w) = -w - 2. Let x be u(-7). Let n be (-1)/x - 168/60. List the prime factors of ((-615)/(-20))/(n/(-4)).
41
Let u = -3 - -23. Let s be (-2)/4 - u/8. List the prime factors of -2 - (9/s - 29).
2, 3, 5
Suppose 0 = -5*y + i + 171, 55 = -5*y + 6*y + 5*i. Suppose u - 6 - y = 0. List the prime factors of u.
41
Let n = 25 + -31. Let a(x) = 3*x**2 + 10*x + 14. List the prime factors of a(n).
2, 31
Suppose -6*c + 3635 - 971 = 0. List the prime factors of c.
2, 3, 37
Let p = 31 - 28. Suppose 2*l - 6 = 0, -2*q - p*l = -37 - 104. List the prime factors of q.
2, 3, 11
Suppose -929 = -2*h + 5*j - 224, 5 = 5*j. What are the prime factors of h?
5, 71
Suppose 5*h = 10*h - 3*r - 2789, -5*h - 3*r + 2801 = 0. What are the prime factors of h?
13, 43
Let g(d) = -d**3 - d**2 + d - 1. Let f be g(-2). Let s(n) = 143*n**3 - 3*n**2 + 3*n - 1. What are the prime factors of s(f)?
2, 71
Let j = 96 + -25. Suppose -2*g + 295 + j = 0. What are the prime factors of g?
3, 61
Suppose -746 = -3*o + v, 4*v + 355 = o + 99. What are the prime factors of o?
2, 31
Suppose 4*s = 5*s. Suppose -o + 17 = -s. What are the prime factors of o?
17
Suppose 3*b = 5*u + 98, 2*b - 2*u = u + 67. Suppose 437 = 11*k + b. List the prime factors of k.
2, 3
List the prime factors of (-42)/28*(-7)/((-105)/(-21860)).
2, 1093
Let t = -11 - -16. Suppose -3*w = 2*s - 7*w - 88, -t*w + 190 = 5*s. List the prime factors of s.
2, 5
Suppose -4*s + 28 = -2*b, 28 = 4*s + 5*b - b. Suppose -s*c + 94 = -179. What are the prime factors of c?
3, 13
Let h be -1 - (-15)/12 - 2444/(-16). Suppose 2*g - h = -r + g, -3*g + 303 = 2*r. List the prime factors of r.
2, 3, 13
Suppose 137*t - 130*t = 8631. What are the prime factors of t?
3, 137
Suppose 3*p = -p + 32. List the prime factors of p*(-2 - 84/(-8)).
2, 17
List the prime factors of (-48)/112 + 10548/14 - -3.
2, 3, 7
Let d be 3/(-3)*-6*(-9)/(-6). What are the prime factors of 6/(d/528*4)?
2, 11
Let g = -7 + -9. What are the prime factors of 278*6/g*36/(-27)?
139
Let i = 3063 + -1457. List the prime factors of i.
2, 11, 73
Let c(i) = 7*i**2 - 56*i + 15. What are the prime factors of c(19)?
2, 739
Let r(n) = n + n - 1 + 0*n. Suppose 5*q = 2*s - 1, -4*q + q + 3 = 0. What are the prime factors of r(s)?
5
Suppose 0 = -8*k + 3*k - 380. Let i = -27 - k. What are the prime factors of i?
7
Let r(m) = 13*m**2 - 57*m - 4. List the prime factors of r(6).
2, 61
Let p = 31 + -16. Let n be -4*12/(-3)*p. What are the prime factors of (2/4)/(12/n)?
2, 5
Let y(o) = 5*o - 11. Let l(n) = -8*n + 22. Let p(b) = 3*l(b) + 5*y(b). Suppose -5*r + 3*v + 32 + 44 = 0, -5*v = 4*r - 46. List the prime factors of p(r).
5
Suppose 0 = 19*h - 16*h - 12. Suppose -h*i + 54 = 2*p, -3*p + 29 + 87 = -i. List the prime factors of p.
37
List the prime factors of (-246930)/(-90) - 2/3.
13, 211
Let h = 6 + -6. Suppose h = 3*y + 2*y -